{"id":170,"date":"2016-09-02T21:04:47","date_gmt":"2016-09-02T19:04:47","guid":{"rendered":"http:\/\/taxis-sarine.ch\/?page_id=170"},"modified":"2024-05-09T21:57:53","modified_gmt":"2024-05-09T19:57:53","slug":"formulaire-de-contact","status":"publish","type":"page","link":"https:\/\/taxis-sarine.ch\/?page_id=170","title":{"rendered":"PAIEMENT EN LIGNE"},"content":{"rendered":"<form action=\"https:\/\/www.paypal.com\/cgi-bin\/webscr\" method=\"post\" target=\"_top\"><img loading=\"lazy\" decoding=\"async\" class=\"alignnone  wp-image-1400\" src=\"https:\/\/taxis-sarine.ch\/wp-content\/uploads\/2020\/10\/TWINT-300x150.jpg\" alt=\"\" width=\"186\" height=\"93\" srcset=\"https:\/\/taxis-sarine.ch\/wp-content\/uploads\/2020\/10\/TWINT-300x150.jpg 300w, https:\/\/taxis-sarine.ch\/wp-content\/uploads\/2020\/10\/TWINT-1024x511.jpg 1024w, https:\/\/taxis-sarine.ch\/wp-content\/uploads\/2020\/10\/TWINT-768x383.jpg 768w, https:\/\/taxis-sarine.ch\/wp-content\/uploads\/2020\/10\/TWINT-100x50.jpg 100w, https:\/\/taxis-sarine.ch\/wp-content\/uploads\/2020\/10\/TWINT-150x75.jpg 150w, https:\/\/taxis-sarine.ch\/wp-content\/uploads\/2020\/10\/TWINT-200x100.jpg 200w, https:\/\/taxis-sarine.ch\/wp-content\/uploads\/2020\/10\/TWINT-450x224.jpg 450w, https:\/\/taxis-sarine.ch\/wp-content\/uploads\/2020\/10\/TWINT-600x299.jpg 600w, https:\/\/taxis-sarine.ch\/wp-content\/uploads\/2020\/10\/TWINT-900x449.jpg 900w, https:\/\/taxis-sarine.ch\/wp-content\/uploads\/2020\/10\/TWINT.jpg 1526w\" sizes=\"auto, (max-width: 186px) 100vw, 186px\" \/><img loading=\"lazy\" decoding=\"async\" class=\"alignnone  wp-image-1415\" src=\"https:\/\/taxis-sarine.ch\/wp-content\/uploads\/2021\/07\/LOGO-CARTE-BANCAIRE-300x32.jpg\" alt=\"\" width=\"647\" height=\"69\" srcset=\"https:\/\/taxis-sarine.ch\/wp-content\/uploads\/2021\/07\/LOGO-CARTE-BANCAIRE-300x32.jpg 300w, https:\/\/taxis-sarine.ch\/wp-content\/uploads\/2021\/07\/LOGO-CARTE-BANCAIRE-1024x109.jpg 1024w, https:\/\/taxis-sarine.ch\/wp-content\/uploads\/2021\/07\/LOGO-CARTE-BANCAIRE-768x82.jpg 768w, https:\/\/taxis-sarine.ch\/wp-content\/uploads\/2021\/07\/LOGO-CARTE-BANCAIRE-1536x164.jpg 1536w, https:\/\/taxis-sarine.ch\/wp-content\/uploads\/2021\/07\/LOGO-CARTE-BANCAIRE-2048x218.jpg 2048w, https:\/\/taxis-sarine.ch\/wp-content\/uploads\/2021\/07\/LOGO-CARTE-BANCAIRE-100x11.jpg 100w, https:\/\/taxis-sarine.ch\/wp-content\/uploads\/2021\/07\/LOGO-CARTE-BANCAIRE-150x16.jpg 150w, https:\/\/taxis-sarine.ch\/wp-content\/uploads\/2021\/07\/LOGO-CARTE-BANCAIRE-200x21.jpg 200w, https:\/\/taxis-sarine.ch\/wp-content\/uploads\/2021\/07\/LOGO-CARTE-BANCAIRE-450x48.jpg 450w, https:\/\/taxis-sarine.ch\/wp-content\/uploads\/2021\/07\/LOGO-CARTE-BANCAIRE-600x64.jpg 600w, https:\/\/taxis-sarine.ch\/wp-content\/uploads\/2021\/07\/LOGO-CARTE-BANCAIRE-900x96.jpg 900w\" sizes=\"auto, (max-width: 647px) 100vw, 647px\" \/><img loading=\"lazy\" decoding=\"async\" class=\"alignnone  wp-image-1301\" src=\"https:\/\/taxis-sarine.ch\/wp-content\/uploads\/2018\/02\/LOGO-E-MAIL-298x300.jpg\" alt=\"\" width=\"61\" height=\"61\" srcset=\"https:\/\/taxis-sarine.ch\/wp-content\/uploads\/2018\/02\/LOGO-E-MAIL-298x300.jpg 298w, https:\/\/taxis-sarine.ch\/wp-content\/uploads\/2018\/02\/LOGO-E-MAIL-150x150.jpg 150w, https:\/\/taxis-sarine.ch\/wp-content\/uploads\/2018\/02\/LOGO-E-MAIL-768x772.jpg 768w, https:\/\/taxis-sarine.ch\/wp-content\/uploads\/2018\/02\/LOGO-E-MAIL-1019x1024.jpg 1019w, https:\/\/taxis-sarine.ch\/wp-content\/uploads\/2018\/02\/LOGO-E-MAIL-100x101.jpg 100w, https:\/\/taxis-sarine.ch\/wp-content\/uploads\/2018\/02\/LOGO-E-MAIL-200x201.jpg 200w, https:\/\/taxis-sarine.ch\/wp-content\/uploads\/2018\/02\/LOGO-E-MAIL-300x302.jpg 300w, https:\/\/taxis-sarine.ch\/wp-content\/uploads\/2018\/02\/LOGO-E-MAIL-450x452.jpg 450w, https:\/\/taxis-sarine.ch\/wp-content\/uploads\/2018\/02\/LOGO-E-MAIL-600x603.jpg 600w, https:\/\/taxis-sarine.ch\/wp-content\/uploads\/2018\/02\/LOGO-E-MAIL-900x905.jpg 900w\" sizes=\"auto, (max-width: 61px) 100vw, 61px\" \/>\u00a0<strong><a href=\"mailto:1700@bluewin.ch\"><span style=\"text-decoration: underline;\"><span style=\"font-family: tahoma, arial, helvetica, sans-serif;\">1700@bluewin.ch<\/span><\/span><\/a><\/strong><\/p>\n<h4><strong><a href=\"https:\/\/taxis-sarine.ch\/wp-content\/uploads\/2024\/05\/QR-CODE-WAT.jpg\"><img loading=\"lazy\" decoding=\"async\" class=\"alignnone  wp-image-1791\" src=\"https:\/\/taxis-sarine.ch\/wp-content\/uploads\/2024\/05\/QR-CODE-WAT-226x300.jpg\" alt=\"\" width=\"96\" height=\"127\" srcset=\"https:\/\/taxis-sarine.ch\/wp-content\/uploads\/2024\/05\/QR-CODE-WAT-226x300.jpg 226w, https:\/\/taxis-sarine.ch\/wp-content\/uploads\/2024\/05\/QR-CODE-WAT-100x133.jpg 100w, https:\/\/taxis-sarine.ch\/wp-content\/uploads\/2024\/05\/QR-CODE-WAT-150x199.jpg 150w, https:\/\/taxis-sarine.ch\/wp-content\/uploads\/2024\/05\/QR-CODE-WAT-200x266.jpg 200w, https:\/\/taxis-sarine.ch\/wp-content\/uploads\/2024\/05\/QR-CODE-WAT-300x399.jpg 300w, https:\/\/taxis-sarine.ch\/wp-content\/uploads\/2024\/05\/QR-CODE-WAT-450x598.jpg 450w, https:\/\/taxis-sarine.ch\/wp-content\/uploads\/2024\/05\/QR-CODE-WAT-600x798.jpg 600w, https:\/\/taxis-sarine.ch\/wp-content\/uploads\/2024\/05\/QR-CODE-WAT.jpg 634w\" sizes=\"auto, (max-width: 96px) 100vw, 96px\" \/><\/a> 079\/ 323-1700<\/strong><\/h4>\n<\/form>\n<form action=\"https:\/\/www.paypal.com\/cgi-bin\/webscr\" method=\"post\" target=\"_top\"><input name=\"cmd\" type=\"hidden\" value=\"_s-xclick\" \/><br \/>\n<input name=\"hosted_button_id\" type=\"hidden\" value=\"VR9SU5XSZGXDY\" \/><\/p>\n<table>\n<tbody>\n<tr>\n<td><input name=\"on0\" type=\"hidden\" value=\"PAIEMENT\" \/>PAIEMENT<\/td>\n<\/tr>\n<tr>\n<td><select name=\"os0\"><option value=\"TAXI\">TAXI<\/option><option value=\"TRANSPORT\">TRANSPORT<\/option><option value=\"LOCATION\">LOCATION<\/option><\/select><\/td>\n<\/tr>\n<\/tbody>\n<\/table>\n<p><input alt=\"PayPal, le r\u00e9flexe s\u00e9curit\u00e9 pour payer en ligne\" name=\"submit\" src=\"https:\/\/www.paypalobjects.com\/fr_FR\/CH\/i\/btn\/btn_paynowCC_LG.gif\" type=\"image\" \/><img loading=\"lazy\" decoding=\"async\" src=\"https:\/\/www.paypalobjects.com\/fr_FR\/i\/scr\/pixel.gif\" alt=\"\" width=\"1\" height=\"1\" border=\"0\" \/><\/p>\n<p style=\"text-align: center;\"><a href=\"https:\/\/taxis-sarine.ch\/?page_id=981\" rel=\"attachment wp-att-984\"><img loading=\"lazy\" decoding=\"async\" class=\"alignnone size-medium wp-image-984\" src=\"https:\/\/taxis-sarine.ch\/wp-content\/uploads\/2016\/09\/TERMINAL-300x203.png\" alt=\"terminal\" width=\"300\" height=\"203\" srcset=\"https:\/\/taxis-sarine.ch\/wp-content\/uploads\/2016\/09\/TERMINAL-300x203.png 300w, https:\/\/taxis-sarine.ch\/wp-content\/uploads\/2016\/09\/TERMINAL-768x520.png 768w, https:\/\/taxis-sarine.ch\/wp-content\/uploads\/2016\/09\/TERMINAL-1024x693.png 1024w, https:\/\/taxis-sarine.ch\/wp-content\/uploads\/2016\/09\/TERMINAL-100x68.png 100w, https:\/\/taxis-sarine.ch\/wp-content\/uploads\/2016\/09\/TERMINAL-150x102.png 150w, https:\/\/taxis-sarine.ch\/wp-content\/uploads\/2016\/09\/TERMINAL-200x135.png 200w, https:\/\/taxis-sarine.ch\/wp-content\/uploads\/2016\/09\/TERMINAL-450x305.png 450w, https:\/\/taxis-sarine.ch\/wp-content\/uploads\/2016\/09\/TERMINAL-600x406.png 600w, https:\/\/taxis-sarine.ch\/wp-content\/uploads\/2016\/09\/TERMINAL-900x609.png 900w, https:\/\/taxis-sarine.ch\/wp-content\/uploads\/2016\/09\/TERMINAL.png 1619w\" sizes=\"auto, (max-width: 300px) 100vw, 300px\" \/><\/a><\/p>\n<\/form>\n","protected":false},"excerpt":{"rendered":"<p>\u00a01700@bluewin.ch 079\/ 323-1700 PAIEMENT TAXITRANSPORTLOCATION<\/p>\n","protected":false},"author":1,"featured_media":0,"parent":0,"menu_order":0,"comment_status":"closed","ping_status":"closed","template":"","meta":{"_monsterinsights_skip_tracking":false,"_monsterinsights_sitenote_active":false,"_monsterinsights_sitenote_note":"","_monsterinsights_sitenote_category":0,"footnotes":""},"class_list":["post-170","page","type-page","status-publish","hentry"],"_links":{"self":[{"href":"https:\/\/taxis-sarine.ch\/index.php?rest_route=\/wp\/v2\/pages\/170","targetHints":{"allow":["GET"]}}],"collection":[{"href":"https:\/\/taxis-sarine.ch\/index.php?rest_route=\/wp\/v2\/pages"}],"about":[{"href":"https:\/\/taxis-sarine.ch\/index.php?rest_route=\/wp\/v2\/types\/page"}],"author":[{"embeddable":true,"href":"https:\/\/taxis-sarine.ch\/index.php?rest_route=\/wp\/v2\/users\/1"}],"replies":[{"embeddable":true,"href":"https:\/\/taxis-sarine.ch\/index.php?rest_route=%2Fwp%2Fv2%2Fcomments&post=170"}],"version-history":[{"count":25,"href":"https:\/\/taxis-sarine.ch\/index.php?rest_route=\/wp\/v2\/pages\/170\/revisions"}],"predecessor-version":[{"id":1826,"href":"https:\/\/taxis-sarine.ch\/index.php?rest_route=\/wp\/v2\/pages\/170\/revisions\/1826"}],"wp:attachment":[{"href":"https:\/\/taxis-sarine.ch\/index.php?rest_route=%2Fwp%2Fv2%2Fmedia&parent=170"}],"curies":[{"name":"wp","href":"https:\/\/api.w.org\/{rel}","templated":true}]}}