{"id":303,"date":"2016-09-04T01:02:07","date_gmt":"2016-09-03T23:02:07","guid":{"rendered":"http:\/\/taxis-sarine.ch\/?page_id=303"},"modified":"2024-05-10T22:42:14","modified_gmt":"2024-05-10T20:42:14","slug":"service-limousine","status":"publish","type":"page","link":"https:\/\/taxis-sarine.ch\/?page_id=303","title":{"rendered":"SERVICE LIMOUSINE"},"content":{"rendered":"<h4><img loading=\"lazy\" decoding=\"async\" class=\"alignnone wp-image-1301\" src=\"https:\/\/taxis-sarine.ch\/wp-content\/uploads\/2018\/02\/LOGO-E-MAIL-298x300.jpg\" alt=\"\" width=\"59\" height=\"59\" srcset=\"https:\/\/taxis-sarine.ch\/wp-content\/uploads\/2018\/02\/LOGO-E-MAIL-298x300.jpg 298w, https:\/\/taxis-sarine.ch\/wp-content\/uploads\/2018\/02\/LOGO-E-MAIL-150x150.jpg 150w, https:\/\/taxis-sarine.ch\/wp-content\/uploads\/2018\/02\/LOGO-E-MAIL-768x772.jpg 768w, https:\/\/taxis-sarine.ch\/wp-content\/uploads\/2018\/02\/LOGO-E-MAIL-1019x1024.jpg 1019w, https:\/\/taxis-sarine.ch\/wp-content\/uploads\/2018\/02\/LOGO-E-MAIL-100x101.jpg 100w, https:\/\/taxis-sarine.ch\/wp-content\/uploads\/2018\/02\/LOGO-E-MAIL-200x201.jpg 200w, https:\/\/taxis-sarine.ch\/wp-content\/uploads\/2018\/02\/LOGO-E-MAIL-300x302.jpg 300w, https:\/\/taxis-sarine.ch\/wp-content\/uploads\/2018\/02\/LOGO-E-MAIL-450x452.jpg 450w, https:\/\/taxis-sarine.ch\/wp-content\/uploads\/2018\/02\/LOGO-E-MAIL-600x603.jpg 600w, https:\/\/taxis-sarine.ch\/wp-content\/uploads\/2018\/02\/LOGO-E-MAIL-900x905.jpg 900w\" sizes=\"auto, (max-width: 59px) 100vw, 59px\" \/> <strong><a href=\"mailto:1700@bluewin.ch\"><span style=\"text-decoration: underline;\"><span style=\"font-family: tahoma, arial, helvetica, sans-serif;\">1700@bluewin.ch<\/span><\/span><\/a><\/strong><\/h4>\n<h4><strong><a href=\"https:\/\/taxis-sarine.ch\/wp-content\/uploads\/2024\/05\/QR-CODE-WAT.jpg\"><img loading=\"lazy\" decoding=\"async\" class=\"alignnone  wp-image-1791\" src=\"https:\/\/taxis-sarine.ch\/wp-content\/uploads\/2024\/05\/QR-CODE-WAT-226x300.jpg\" alt=\"\" width=\"62\" height=\"82\" srcset=\"https:\/\/taxis-sarine.ch\/wp-content\/uploads\/2024\/05\/QR-CODE-WAT-226x300.jpg 226w, https:\/\/taxis-sarine.ch\/wp-content\/uploads\/2024\/05\/QR-CODE-WAT-100x133.jpg 100w, https:\/\/taxis-sarine.ch\/wp-content\/uploads\/2024\/05\/QR-CODE-WAT-150x199.jpg 150w, https:\/\/taxis-sarine.ch\/wp-content\/uploads\/2024\/05\/QR-CODE-WAT-200x266.jpg 200w, https:\/\/taxis-sarine.ch\/wp-content\/uploads\/2024\/05\/QR-CODE-WAT-300x399.jpg 300w, https:\/\/taxis-sarine.ch\/wp-content\/uploads\/2024\/05\/QR-CODE-WAT-450x598.jpg 450w, https:\/\/taxis-sarine.ch\/wp-content\/uploads\/2024\/05\/QR-CODE-WAT-600x798.jpg 600w, https:\/\/taxis-sarine.ch\/wp-content\/uploads\/2024\/05\/QR-CODE-WAT.jpg 634w\" sizes=\"auto, (max-width: 62px) 100vw, 62px\" \/><\/a> 079\/ 323-1700<\/strong><\/h4>\n<div style=\"width: 640px;\" class=\"wp-video\"><video class=\"wp-video-shortcode\" id=\"video-303-1\" width=\"640\" height=\"480\" preload=\"metadata\" controls=\"controls\"><source type=\"video\/mp4\" src=\"https:\/\/taxis-sarine.ch\/wp-content\/uploads\/2023\/06\/20230615_231454_162914927073946.mp4?_=1\" \/><a href=\"https:\/\/taxis-sarine.ch\/wp-content\/uploads\/2023\/06\/20230615_231454_162914927073946.mp4\">https:\/\/taxis-sarine.ch\/wp-content\/uploads\/2023\/06\/20230615_231454_162914927073946.mp4<\/a><\/video><\/div>\n<hr \/>\n<h3><img loading=\"lazy\" decoding=\"async\" class=\"wp-image-1559 aligncenter\" src=\"https:\/\/taxis-sarine.ch\/wp-content\/uploads\/2022\/06\/limousine-300x60.png\" alt=\"\" width=\"785\" height=\"157\" srcset=\"https:\/\/taxis-sarine.ch\/wp-content\/uploads\/2022\/06\/limousine-300x60.png 300w, https:\/\/taxis-sarine.ch\/wp-content\/uploads\/2022\/06\/limousine-1024x205.png 1024w, https:\/\/taxis-sarine.ch\/wp-content\/uploads\/2022\/06\/limousine-768x154.png 768w, https:\/\/taxis-sarine.ch\/wp-content\/uploads\/2022\/06\/limousine-1536x308.png 1536w, https:\/\/taxis-sarine.ch\/wp-content\/uploads\/2022\/06\/limousine-2048x411.png 2048w, https:\/\/taxis-sarine.ch\/wp-content\/uploads\/2022\/06\/limousine-100x20.png 100w, https:\/\/taxis-sarine.ch\/wp-content\/uploads\/2022\/06\/limousine-150x30.png 150w, https:\/\/taxis-sarine.ch\/wp-content\/uploads\/2022\/06\/limousine-200x40.png 200w, https:\/\/taxis-sarine.ch\/wp-content\/uploads\/2022\/06\/limousine-450x90.png 450w, https:\/\/taxis-sarine.ch\/wp-content\/uploads\/2022\/06\/limousine-600x120.png 600w, https:\/\/taxis-sarine.ch\/wp-content\/uploads\/2022\/06\/limousine-900x180.png 900w\" sizes=\"auto, (max-width: 785px) 100vw, 785px\" \/><\/h3>\n<div class=\"main-bg clearfix\">\n<div class=\"sp-wrap clearfix\">\n<div class=\"clearfix\">\n<div class=\"clearfix2\">\n<div id=\"sp-maincol\" class=\"clearfix\">\n<div id=\"inner_content\">\n<div class=\"sp-inner clearfix\">\n<div class=\"item-page\"><a href=\"https:\/\/taxis-sarine.ch\/wp-content\/uploads\/2024\/05\/maserati-scaled.jpg\"><img loading=\"lazy\" decoding=\"async\" class=\"alignnone size-medium wp-image-1838\" src=\"https:\/\/taxis-sarine.ch\/wp-content\/uploads\/2024\/05\/maserati-300x194.jpg\" alt=\"\" width=\"300\" height=\"194\" srcset=\"https:\/\/taxis-sarine.ch\/wp-content\/uploads\/2024\/05\/maserati-300x194.jpg 300w, https:\/\/taxis-sarine.ch\/wp-content\/uploads\/2024\/05\/maserati-1024x664.jpg 1024w, https:\/\/taxis-sarine.ch\/wp-content\/uploads\/2024\/05\/maserati-768x498.jpg 768w, https:\/\/taxis-sarine.ch\/wp-content\/uploads\/2024\/05\/maserati-1536x995.jpg 1536w, https:\/\/taxis-sarine.ch\/wp-content\/uploads\/2024\/05\/maserati-2048x1327.jpg 2048w, https:\/\/taxis-sarine.ch\/wp-content\/uploads\/2024\/05\/maserati-100x65.jpg 100w, https:\/\/taxis-sarine.ch\/wp-content\/uploads\/2024\/05\/maserati-150x97.jpg 150w, https:\/\/taxis-sarine.ch\/wp-content\/uploads\/2024\/05\/maserati-200x130.jpg 200w, https:\/\/taxis-sarine.ch\/wp-content\/uploads\/2024\/05\/maserati-450x292.jpg 450w, https:\/\/taxis-sarine.ch\/wp-content\/uploads\/2024\/05\/maserati-600x389.jpg 600w, https:\/\/taxis-sarine.ch\/wp-content\/uploads\/2024\/05\/maserati-900x583.jpg 900w\" sizes=\"auto, (max-width: 300px) 100vw, 300px\" \/><\/a><\/div>\n<\/div>\n<\/div>\n<\/div>\n<\/div>\n<\/div>\n<\/div>\n<\/div>\n<div>\n<p>\u00a0<\/p>\n<p><strong>Objet: Invitation \u00e0 une exp\u00e9rience unique : Bapt\u00eame de la route en Maserati<\/strong><\/p>\n<p><strong>Chers clients,<\/strong><\/p>\n<p><strong>Nous sommes ravis de vous convier \u00e0 une exp\u00e9rience exceptionnelle : un bapt\u00eame de la route en Maserati. Dur\u00e9e 25 min tarif sur demande.<\/strong><\/p>\n<p><strong>Le bapt\u00eame de la route en Maserati est une occasion unique de d\u00e9couvrir le plaisir de conduire une voiture de luxe embl\u00e9matique tout en explorant les routes pittoresques de notre r\u00e9gion. Nos experts seront l\u00e0 pour vous accompagner lors de cette exp\u00e9rience inoubliable et vous faire vivre des sensations uniques au volant d&rsquo;une Maserati.<\/strong><\/p>\n<p><strong>Nous vous invitons \u00e0 r\u00e9server votre place d\u00e8s maintenant, car les disponibilit\u00e9s sont limit\u00e9es.<\/strong><\/p>\n<p><strong>Date : [Date]<\/strong><br \/><strong>Heure : [Heure]<\/strong><br \/><strong>Lieu de rendez-vous : [Adresse]<\/strong><\/p>\n<p><strong>Pour r\u00e9server votre place ou pour plus d&rsquo;informations, veuillez nous contacter au 079\/ 400 &#8211; 1700\u00a0\u00a0 1700@bluewin.ch<br \/><\/strong><\/p>\n<p><strong>Nous avons h\u00e2te de partager cette exp\u00e9rience de conduite de luxe avec vous.<\/strong><\/p>\n<p><strong>Cordialement,<\/strong><\/p>\n<\/div>\n<p>&#8212;&#8212;&#8212;&#8212;&#8212;&#8212;&#8212;&#8212;&#8212;&#8212;&#8212;&#8212;&#8212;&#8212;&#8212;&#8212;&#8212;&#8212;&#8212;&#8212;&#8212;&#8212;&#8212;&#8212;&#8212;&#8212;&#8212;&#8212;&#8212;&#8212;&#8212;&#8212;&#8212;&#8212;&#8212;&#8212;&#8212;&#8212;&#8212;&#8212;&#8212;&#8212;&#8212;&#8212;&#8212;&#8212;&#8212;&#8212;&#8212;&#8212;&#8212;&#8212;&#8212;&#8212;&#8212;&#8212;&#8212;&#8212;&#8212;&#8212;&#8212;&#8212;&#8212;<\/p>\n\n\n<p><\/p>\n\n\n\n<p><\/p>\n\n\n\n<p><strong>Louez le luxe pour vos \u00e9v\u00e9nements sp\u00e9ciaux<\/strong><br>Voyagez avec style gr\u00e2ce \u00e0 notre flotte de voitures de prestige<br>Visuel : Une image d&rsquo;une voiture de luxe \u00e9l\u00e9gante et moderne, gar\u00e9e devant un lieu de prestige comme un h\u00f4tel de luxe ou un \u00e9v\u00e9nement de gala.<\/p>\n\n\n\n<p><br>Vous voulez impressionner lors de votre prochain \u00e9v\u00e9nement sp\u00e9cial ? Louez le luxe avec notre flotte de voitures de prestige. Nos v\u00e9hicules modernes et \u00e9l\u00e9gants sont parfaits pour tout type d&rsquo;occasion, que ce soit pour un mariage, une soir\u00e9e de gala ou pour impressionner vos partenaires d&rsquo;affaires.<br>Nous proposons une large gamme de voitures de prestige, avec des mod\u00e8les haut de gamme de marques prestigieuses comme <strong>BMW, Audi, Mercedes-Benz, Lamborghini, Maserati, Ferrari<\/strong> et plus encore. Chaque v\u00e9hicule est soigneusement entretenu pour garantir une exp\u00e9rience de conduite optimale, avec un confort et des fonctionnalit\u00e9s de pointe.<\/p>\n\n\n\n<p><br>Nos tarifs comp\u00e9titifs et notre service \u00e0 la client\u00e8le exceptionnel font de nous le choix id\u00e9al pour vos besoins de location de voitures de luxe. Nous sommes disponibles 24 heures sur 24 pour r\u00e9pondre \u00e0 toutes vos questions et nous assurer que votre exp\u00e9rience de location de voiture de luxe est inoubliable.<br><br>R\u00e9servez d\u00e8s maintenant votre voiture de luxe pour votre prochain \u00e9v\u00e9nement sp\u00e9cial et voyagez avec style. Contactez-nous pour en savoir plus ou pour r\u00e9server votre voiture d\u00e8s aujourd&rsquo;hui.<br><br><strong>Louez le luxe pour vivre l&rsquo;exp\u00e9rience ultime de conduite.<\/strong><\/p>\n","protected":false},"excerpt":{"rendered":"<p>1700@bluewin.ch 079\/ 323-1700 \u00a0 Objet: Invitation \u00e0 une exp\u00e9rience unique : Bapt\u00eame de la route en Maserati Chers clients, Nous sommes ravis de vous convier \u00e0 une exp\u00e9rience exceptionnelle : un bapt\u00eame de la route en Maserati. Dur\u00e9e 25 min<span class=\"ellipsis\">&hellip;<\/span><\/p>\n<div class=\"read-more\"><a href=\"https:\/\/taxis-sarine.ch\/?page_id=303\">Lire la suite <span class=\"screen-reader-text\">SERVICE LIMOUSINE<\/span><span class=\"meta-nav\"> &#8250;<\/span><\/a><\/div>\n<p><!-- end of .read-more --><\/p>\n","protected":false},"author":1,"featured_media":0,"parent":0,"menu_order":0,"comment_status":"closed","ping_status":"closed","template":"","meta":{"_monsterinsights_skip_tracking":false,"_monsterinsights_sitenote_active":false,"_monsterinsights_sitenote_note":"","_monsterinsights_sitenote_category":0,"footnotes":""},"class_list":["post-303","page","type-page","status-publish","hentry"],"_links":{"self":[{"href":"https:\/\/taxis-sarine.ch\/index.php?rest_route=\/wp\/v2\/pages\/303","targetHints":{"allow":["GET"]}}],"collection":[{"href":"https:\/\/taxis-sarine.ch\/index.php?rest_route=\/wp\/v2\/pages"}],"about":[{"href":"https:\/\/taxis-sarine.ch\/index.php?rest_route=\/wp\/v2\/types\/page"}],"author":[{"embeddable":true,"href":"https:\/\/taxis-sarine.ch\/index.php?rest_route=\/wp\/v2\/users\/1"}],"replies":[{"embeddable":true,"href":"https:\/\/taxis-sarine.ch\/index.php?rest_route=%2Fwp%2Fv2%2Fcomments&post=303"}],"version-history":[{"count":47,"href":"https:\/\/taxis-sarine.ch\/index.php?rest_route=\/wp\/v2\/pages\/303\/revisions"}],"predecessor-version":[{"id":1857,"href":"https:\/\/taxis-sarine.ch\/index.php?rest_route=\/wp\/v2\/pages\/303\/revisions\/1857"}],"wp:attachment":[{"href":"https:\/\/taxis-sarine.ch\/index.php?rest_route=%2Fwp%2Fv2%2Fmedia&parent=303"}],"curies":[{"name":"wp","href":"https:\/\/api.w.org\/{rel}","templated":true}]}}